2 a factor of 2870423?
False
Is 415 a factor of 2838600?
True
Does 5 divide 1935770?
True
Does 152 divide 77753?
False
Does 10 divide 74950?
True
Is 3240085 a multiple of 355?
True
Is 59 a factor of 5645032?
False
Is 451 a factor of 205205?
True
Is 11 a factor of 277926?
True
Is 36867 a multiple of 126?
False
Does 18 divide 206626?
False
Is 13 a factor of 9152611?
True
Is 68 a factor of 66327?
False
Does 346 divide 81310?
True
Is 202474 a multiple of 84?
False
Is 15 a factor of 13140?
True
Does 25 divide 38192?
False
Is 187654 a multiple of 49?
False
Is 3 a factor of 70428?
True
Is 32 a factor of 14834976?
True
Is 1109564 a multiple of 42?
False
Is 2946909 a multiple of 7?
True
Is 15580 a multiple of 20?
True
Is 7 a factor of 52555?
False
Does 236 divide 6266941?
False
Does 799 divide 1378275?
True
Is 123970 a multiple of 385?
True
Is 130088 a multiple of 4?
True
Is 1805 a factor of 21479500?
True
Is 510 a factor of 3375690?
True
Is 2654905 a multiple of 17?
False
Is 28 a factor of 1232?
True
Is 92485 a multiple of 54?
False
Is 38048 a multiple of 16?
True
Is 12 a factor of 260928?
True
Is 523495 a multiple of 86?
False
Is 30502 even?
True
Does 54 divide 540806?
False
Is 21 a factor of 88746?
True
Is 32 a factor of 17558426?
False
Is 121 a factor of 2147417?
False
Does 92 divide 1275028?
True
Is 2 a factor of 22936?
True
Is 71427 a multiple of 29?
True
Is 29 a factor of 25453?
False
Is 565 a factor of 896090?
True
Does 108 divide 7765949?
False
Does 11 divide 288277?
True
Is 3 a factor of 521227?
False
Does 134 divide 14342288?
True
Does 10 divide 117540?
True
Does 14 divide 2977310?
True
Is 95 a factor of 185558?
False
Is 21 a factor of 4709670?
True
Is 98931 a multiple of 49?
True
Does 31 divide 21748119?
False
Is 4509108 a multiple of 54?
True
Is 801 a factor of 1137420?
True
Does 130 divide 972238?
False
Does 71 divide 2045013?
True
Does 178 divide 2260037?
False
Is 17 a factor of 447015?
True
Does 15 divide 55785?
True
Is 155 a factor of 23830?
False
Does 11 divide 131186?
True
Is 11249350 a multiple of 10?
True
Is 156 a factor of 3547284?
True
Is 2952410 a multiple of 100?
False
Does 131 divide 8591766?
True
Is 11 a factor of 310911?
False
Does 4 divide 91112?
True
Does 57 divide 445845?
False
Is 3093265 a multiple of 19?
False
Is 135576 a multiple of 72?
True
Is 11 a factor of 108351?
False
Does 70 divide 14151250?
False
Is 532620 a multiple of 45?
True
Does 343 divide 170128?
True
Is 516 a factor of 290123?
False
Is 496184 a multiple of 3?
False
Does 81 divide 166536?
True
Does 402 divide 333304?
False
Is 57 a factor of 64568?
False
Does 44 divide 481624?
True
Does 169 divide 7748988?
True
Does 247 divide 7330219?
True
Is 433900 a multiple of 161?
False
Is 16 a factor of 566578?
False
Is 171 a factor of 1385271?
True
Does 35 divide 1275802?
False
Is 10 a factor of 927767?
False
Does 47 divide 44321?
True
Is 521 a factor of 2241342?
True
Is 852 a factor of 5626608?
True
Is 4 a factor of 5285?
False
Is 43 a factor of 2110?
False
Does 4 divide 319235?
False
Does 193 divide 1142560?
True
Does 7 divide 207984?
True
Does 173 divide 203546?
False
Is 11596585 a multiple of 17?
False
Is 16571 a multiple of 435?
False
Does 302 divide 245224?
True
Is 32 a factor of 13318?
False
Does 15 divide 1653894?
False
Is 13 a factor of 67145?
True
Does 4 divide 1553576?
True
Is 154232 a multiple of 4?
True
Is 566 a factor of 156330?
False
Is 122 a factor of 2106330?
True
Is 493696 a multiple of 38?
True
Is 177 a factor of 2837130?
False
Is 532779 a multiple of 765?
False
Does 2131 divide 151301?
True
Does 396 divide 10371868?
False
Is 103248 a multiple of 36?
True
Is 554246 a multiple of 43?
False
Does 147 divide 756448?
False
Does 212 divide 291712?
True
Is 158 a factor of 1292440?
True
Does 175 divide 1231650?
True
Does 285 divide 674880?
True
Is 27 a factor of 321508?
False
Is 116652 a multiple of 197?
False
Is 619070 a multiple of 27?
False
Does 37 divide 4070275?
False
Is 502018 a multiple of 38?
True
Is 2313360 a multiple of 51?
True
Is 5804278 a multiple of 6?
False
Is 181 a factor of 324922?
False
Is 2960 a multiple of 2?
True
Is 4902431 a multiple of 774?
False
Is 75 a factor of 1306306?
False
Is 25 a factor of 11375?
True
Is 139 a factor of 1131877?
True
Does 3 divide 91046?
False
Does 9 divide 423585?
True
Does 36 divide 5825844?
True
Does 127 divide 271337?
False
Is 60153 a multiple of 3?
True
Does 10 divide 4244613?
False
Is 4949517 a multiple of 218?
False
Is 402405 a multiple of 15?
True
Is 39 a factor of 651716?
False
Does 479 divide 8215550?
False
Is 13 a factor of 365552?
False
Is 1130 a factor of 10229890?
True
Does 15 divide 270525?
True
Is 1903005 a multiple of 585?
True
Does 66 divide 193446?
True
Does 18 divide 2042650?
False
Does 6 divide 16321?
False
Is 536028 a multiple of 114?
True
Does 578 divide 428876?
True
Is 202 a factor of 567121?
False
Is 2093359 a multiple of 360?
False
Is 400187 a multiple of 141?
False
Does 13 divide 1095055?
True
Is 29 a factor of 6548548?
True
Is 397265 a multiple of 55?
True
Is 16 a factor of 2345?
False
Is 71563 a multiple of 7?
False
Does 39 divide 745368?
True
Is 672 a factor of 2109430?
False
Is 2931030 a multiple of 145?
True
Does 31 divide 1968?
False
Does 122 divide 595828?
False
Is 20465 a multiple of 315?
False
Does 177 divide 2685154?
False
Is 423 a factor of 862565?
False
Does 237 divide 168270?
True
Is 8476840 a multiple of 134?
True
Does 34 divide 62288?
True
Is 2050074 a multiple of 78?
True
Is 57239 a multiple of 259?
True
Does 80 divide 13748079?
False
Does 439 divide 4387805?
True
Is 8 a factor of 4957198?
False
Is 1199508 a multiple of 6?
True
Does 70 divide 1563940?
True
Is 5217612 a multiple of 109?
True
Is 453 even?
False
Does 6 divide 499122?
True
Is 211247 a multiple of 13?
False
Is 16 a factor of 130383?
False
Is 347 a factor of 215487?
True
Is 113 a factor of 512681?
True
Is 2803001 a multiple of 295?
False
Is 11 a factor of 1099835?
True
Is 54027 a multiple of 29?
True
Is 12132344 a multiple of 446?
False
Is 5564880 a multiple of 8?
True
Does 19 divide 2964?
True
Is 207 a factor of 6425901?
True
Does 195 divide 124278?
False
Is 16 a factor of 1430507?
False
Is 126811 a multiple of 8?
False
Does 129 divide 7973079?
False
Is 1458884 a multiple of 28?
True
Is 917408 a multiple of 102?
False
Does 64 divide 290560?
True
Does 83 divide 43326?
True
Does 834 divide 5951604?
False
Does 197 divide 5185040?
True
Is 48492 a multiple of 108?
True
Is 464 a factor of 132720?
False
Is 8 a factor of 172808?
True
Is 7046355 a multiple of 361?
False
Is 7666268 a multiple of 1058?
True
Is 5381501 a multiple of 5?
False
Is 111496 a multiple of 21?
False
Does 9 divide 141619?
False
Is 325 a factor of 788276?
False
Does 124 divide 35712?
True
Is 493 a factor of 5246013?
True
Does 635 divide 9626064?
False
Is 1287109 a multiple of 389?
False
Does 77 divide 110729?
False
Is 15 a factor of 232312?
False
Is 148 a factor of 3680760?
True
Is 107456 a multiple of 64?
True
Does 21 divide 119301?
True
Is 29 a factor of 15921?
True
Is 50995 even?
False
Does 4 divide 545348?
True
Is 5993676 a multiple of 52?
True
Is 57092 a multiple of 15?
False
Does 34 divide 968320?
True
Is 101 a factor of 77141?
False
Is 400 a factor of 4592000?
True
Is 39 a factor of 5055531?
True
Is 75280 a multiple of 8?
True
Is 16530066 a multiple of 254?
True
Is 204 a factor of 97728?
False
Is 96073 a multiple of 4?
False
Is 1174624 a multiple of 32?
True
Does 213 divide 1010142?
False
Does 690 divide 745200?
True
Does 15 divide 2512215?
True
Is 514 a factor of 971024?
False
Does 5 divide 358550?
True
Is 19424360 a multiple of 20?
True
Does 63 divide 1341648?
True
Is 160 a factor of 137251?
False
Does 36 divide 227268?
True
Does 108 divide 6204060?
True
Is 30 a factor of 594600?
True
Is 193 a factor of 1820569?
True
Is 173 a factor of 2964009?
True
Is 70950 a multiple of 215?
True
Is 37 a factor of 34891?
True
Is 3885637 a multiple of 2?
False
Does 467 divide 3643534?
True
Does 16 divide 412348?
False
Is 558 a factor of 6208308?
True
Is 14 a factor of 912856?
True
Does 74 divide 1878712?
True
Is 11990 a multiple of 10?
True
Is 134 a factor of 205732?
False
Is 481 a factor of 16890796?
True
Does 109 divide 34335?
True
Does 8 divid